[INFO] cloning repository https://github.com/stan4cb/restful-rust
[INFO] running `Command { std: "git" "-c" "credential.helper=" "-c" "credential.helper=/workspace/cargo-home/bin/git-credential-null" "clone" "--bare" "https://github.com/stan4cb/restful-rust" "/workspace/cache/git-repos/https%3A%2F%2Fgithub.com%2Fstan4cb%2Frestful-rust", kill_on_drop: false }`
[INFO] [stderr] Cloning into bare repository '/workspace/cache/git-repos/https%3A%2F%2Fgithub.com%2Fstan4cb%2Frestful-rust'...
[INFO] running `Command { std: "git" "rev-parse" "HEAD", kill_on_drop: false }`
[INFO] [stdout] 26cf2f16e3cc769f313c696fcecc7e709b1459c1
[INFO] checking stan4cb/restful-rust against master#cfbc6d4cf1acbac5c025acf8ed68929caa551df3 for pr-75494-beta
[INFO] running `Command { std: "git" "clone" "/workspace/cache/git-repos/https%3A%2F%2Fgithub.com%2Fstan4cb%2Frestful-rust" "/workspace/builds/worker-6/source", kill_on_drop: false }`
[INFO] [stderr] Cloning into '/workspace/builds/worker-6/source'...
[INFO] [stderr] done.
[INFO] validating manifest of git repo https://github.com/stan4cb/restful-rust on toolchain cfbc6d4cf1acbac5c025acf8ed68929caa551df3
[INFO] running `Command { std: "/workspace/cargo-home/bin/cargo" "+cfbc6d4cf1acbac5c025acf8ed68929caa551df3" "read-manifest" "--manifest-path" "Cargo.toml", kill_on_drop: false }`
[INFO] started tweaking git repo https://github.com/stan4cb/restful-rust
[INFO] finished tweaking git repo https://github.com/stan4cb/restful-rust
[INFO] tweaked toml for git repo https://github.com/stan4cb/restful-rust written to /workspace/builds/worker-6/source/Cargo.toml
[INFO] crate git repo https://github.com/stan4cb/restful-rust already has a lockfile, it will not be regenerated
[INFO] running `Command { std: "/workspace/cargo-home/bin/cargo" "+cfbc6d4cf1acbac5c025acf8ed68929caa551df3" "fetch" "--locked" "--manifest-path" "Cargo.toml", kill_on_drop: false }`
[INFO] [stderr]     Updating git repository `https://github.com/iron/mount.git`
[INFO] [stderr] error: the lock file /workspace/builds/worker-6/source/Cargo.lock needs to be updated but --locked was passed to prevent this
[INFO] [stderr] If you want to try to generate the lock file without accessing the network, use the --offline flag.
[INFO] the lockfile is outdated, regenerating it
[INFO] running `Command { std: "/workspace/cargo-home/bin/cargo" "+cfbc6d4cf1acbac5c025acf8ed68929caa551df3" "generate-lockfile" "--manifest-path" "Cargo.toml" "-Zno-index-update", kill_on_drop: false }`
[INFO] [stderr]     Updating git repository `https://github.com/iron/mount.git`
[INFO] [stderr]     Updating git repository `https://github.com/iron/iron`
[INFO] running `Command { std: "/workspace/cargo-home/bin/cargo" "+cfbc6d4cf1acbac5c025acf8ed68929caa551df3" "fetch" "--locked" "--manifest-path" "Cargo.toml", kill_on_drop: false }`
[INFO] [stderr]     Blocking waiting for file lock on package cache
[INFO] [stderr]     Blocking waiting for file lock on package cache
[INFO] [stderr]  Downloading crates ...
[INFO] [stderr]   Downloaded router v0.6.0
[INFO] [stderr]   Downloaded sequence_trie v0.3.6
[INFO] [stderr]   Downloaded mount v0.4.0
[INFO] [stderr]   Downloaded staticfile v0.5.0
[INFO] running `Command { std: "docker" "create" "-v" "/var/lib/crater-agent-workspace/builds/worker-6/target:/opt/rustwide/target:rw,Z" "-v" "/var/lib/crater-agent-workspace/builds/worker-6/source:/opt/rustwide/workdir:ro,Z" "-v" "/var/lib/crater-agent-workspace/cargo-home:/opt/rustwide/cargo-home:ro,Z" "-v" "/var/lib/crater-agent-workspace/rustup-home:/opt/rustwide/rustup-home:ro,Z" "-e" "SOURCE_DIR=/opt/rustwide/workdir" "-e" "CARGO_TARGET_DIR=/opt/rustwide/target" "-e" "CARGO_HOME=/opt/rustwide/cargo-home" "-e" "RUSTUP_HOME=/opt/rustwide/rustup-home" "-w" "/opt/rustwide/workdir" "-m" "1610612736" "--user" "0:0" "--network" "none" "rustops/crates-build-env@sha256:a636fd89d022f18117e1dc8fb37a0a009933cdbbe082814857f0e2024962d47c" "/opt/rustwide/cargo-home/bin/cargo" "+cfbc6d4cf1acbac5c025acf8ed68929caa551df3" "metadata" "--no-deps" "--format-version=1", kill_on_drop: false }`
[INFO] [stdout] e71584f70504fb377ed6208255a1c577183b46422980fbd20aaf53e5d3481136
[INFO] [stderr] WARNING: Your kernel does not support swap limit capabilities or the cgroup is not mounted. Memory limited without swap.
[INFO] running `Command { std: "docker" "start" "-a" "e71584f70504fb377ed6208255a1c577183b46422980fbd20aaf53e5d3481136", kill_on_drop: false }`
[INFO] running `Command { std: "docker" "inspect" "e71584f70504fb377ed6208255a1c577183b46422980fbd20aaf53e5d3481136", kill_on_drop: false }`
[INFO] running `Command { std: "docker" "rm" "-f" "e71584f70504fb377ed6208255a1c577183b46422980fbd20aaf53e5d3481136", kill_on_drop: false }`
[INFO] [stdout] e71584f70504fb377ed6208255a1c577183b46422980fbd20aaf53e5d3481136
[INFO] running `Command { std: "docker" "create" "-v" "/var/lib/crater-agent-workspace/builds/worker-6/target:/opt/rustwide/target:rw,Z" "-v" "/var/lib/crater-agent-workspace/builds/worker-6/source:/opt/rustwide/workdir:ro,Z" "-v" "/var/lib/crater-agent-workspace/cargo-home:/opt/rustwide/cargo-home:ro,Z" "-v" "/var/lib/crater-agent-workspace/rustup-home:/opt/rustwide/rustup-home:ro,Z" "-e" "SOURCE_DIR=/opt/rustwide/workdir" "-e" "CARGO_TARGET_DIR=/opt/rustwide/target" "-e" "CARGO_INCREMENTAL=0" "-e" "RUST_BACKTRACE=full" "-e" "RUSTFLAGS=--cap-lints=forbid" "-e" "CARGO_HOME=/opt/rustwide/cargo-home" "-e" "RUSTUP_HOME=/opt/rustwide/rustup-home" "-w" "/opt/rustwide/workdir" "-m" "1610612736" "--user" "0:0" "--network" "none" "rustops/crates-build-env@sha256:a636fd89d022f18117e1dc8fb37a0a009933cdbbe082814857f0e2024962d47c" "/opt/rustwide/cargo-home/bin/cargo" "+cfbc6d4cf1acbac5c025acf8ed68929caa551df3" "check" "--frozen" "--all" "--all-targets" "--message-format=json", kill_on_drop: false }`
[INFO] [stdout] 5b50ec62a80cf8ad04dacdf7db970e09633ce5f302296213eb66093e980dbafb
[INFO] [stderr] WARNING: Your kernel does not support swap limit capabilities or the cgroup is not mounted. Memory limited without swap.
[INFO] running `Command { std: "docker" "start" "-a" "5b50ec62a80cf8ad04dacdf7db970e09633ce5f302296213eb66093e980dbafb", kill_on_drop: false }`
[INFO] [stderr]    Compiling semver-parser v0.7.0
[INFO] [stderr]     Checking either v1.6.0
[INFO] [stderr]     Checking scopeguard v1.1.0
[INFO] [stderr]     Checking itoa v0.4.6
[INFO] [stderr]     Checking mime v0.3.16
[INFO] [stderr]     Checking route-recognizer v0.1.13
[INFO] [stderr]    Compiling crossbeam-utils v0.7.2
[INFO] [stderr]    Compiling memoffset v0.5.5
[INFO] [stderr]    Compiling crossbeam-epoch v0.8.2
[INFO] [stderr]     Checking unsafe-any v0.4.2
[INFO] [stderr]    Compiling unicase v2.6.0
[INFO] [stderr]     Checking tokio-sync v0.1.8
[INFO] [stderr]    Compiling indexmap v1.5.1
[INFO] [stderr]     Checking idna v0.1.5
[INFO] [stderr]     Checking iovec v0.1.4
[INFO] [stderr]     Checking num_cpus v1.13.0
[INFO] [stderr]     Checking time v0.1.43
[INFO] [stderr]     Checking net2 v0.2.34
[INFO] [stderr]    Compiling rand_os v0.1.3
[INFO] [stderr]     Checking hashbrown v0.8.2
[INFO] [stderr]     Checking log v0.3.9
[INFO] [stderr]     Checking want v0.2.0
[INFO] [stderr]    Compiling unicase v1.4.2
[INFO] [stderr]     Checking base64 v0.9.3
[INFO] [stderr]    Compiling rand_pcg v0.1.2
[INFO] [stderr]    Compiling rand_chacha v0.1.1
[INFO] [stderr]     Checking lock_api v0.3.4
[INFO] [stderr]     Checking typemap v0.3.3
[INFO] [stderr]    Compiling semver v0.9.0
[INFO] [stderr]     Checking bytes v0.4.12
[INFO] [stderr]     Checking futures-cpupool v0.1.8
[INFO] [stderr]     Checking mime v0.2.6
[INFO] [stderr]    Compiling phf_shared v0.7.24
[INFO] [stderr]    Compiling rand v0.6.5
[INFO] [stderr]     Checking mio v0.6.22
[INFO] [stderr]     Checking plugin v0.2.6
[INFO] [stderr]     Checking url v1.7.2
[INFO] [stderr]    Compiling phf v0.7.24
[INFO] [stderr]    Compiling rustc_version v0.2.3
[INFO] [stderr]    Compiling mime_guess v2.0.3
[INFO] [stderr]     Checking tokio-io v0.1.13
[INFO] [stderr]     Checking http v0.1.21
[INFO] [stderr]     Checking string v0.2.1
[INFO] [stderr]     Checking tokio-buf v0.1.1
[INFO] [stderr]     Checking tokio-executor v0.1.10
[INFO] [stderr]     Checking crossbeam-queue v0.2.3
[INFO] [stderr]    Compiling parking_lot_core v0.6.2
[INFO] [stderr]    Compiling parking_lot v0.9.0
[INFO] [stderr]    Compiling hyper v0.12.35
[INFO] [stderr]     Checking tokio-current-thread v0.1.7
[INFO] [stderr]     Checking tokio-timer v0.2.13
[INFO] [stderr]     Checking crossbeam-deque v0.7.3
[INFO] [stderr]     Checking hyper v0.10.16
[INFO] [stderr]     Checking tokio-threadpool v0.1.18
[INFO] [stderr]    Compiling phf_generator v0.7.24
[INFO] [stderr]     Checking tokio-reactor v0.1.12
[INFO] [stderr]    Compiling phf_codegen v0.7.24
[INFO] [stderr]    Compiling mime_guess v1.8.8
[INFO] [stderr]     Checking tokio-tcp v0.1.4
[INFO] [stderr]     Checking tokio v0.1.22
[INFO] [stderr]     Checking h2 v0.1.26
[INFO] [stderr]     Checking http-body v0.1.0
[INFO] [stderr]     Checking iron v0.6.1
[INFO] [stderr]     Checking mount v0.4.0
[INFO] [stderr]     Checking router v0.6.0
[INFO] [stderr]     Checking staticfile v0.5.0
[INFO] [stderr]     Checking iron v0.6.0 (https://github.com/iron/iron#e38695bf)
[INFO] [stderr]     Checking mount v0.4.0 (https://github.com/iron/mount.git#5dbbc881)
[INFO] [stderr]     Checking restful-rust v0.0.5 (/opt/rustwide/workdir)
[INFO] [stdout] error[E0277]: expected a `std::ops::Fn<(&mut iron::Request<'_, '_>,)>` closure, found `site::mount::Mount`
[INFO] [stdout]   --> src/main.rs:12:15
[INFO] [stdout]    |
[INFO] [stdout] 12 |     Iron::new(build()).
[INFO] [stdout]    |               ^^^^^^^ expected an `Fn<(&mut iron::Request<'_, '_>,)>` closure, found `site::mount::Mount`
[INFO] [stdout]    |
[INFO] [stdout]    = help: the trait `for<'r, 's, 't0> std::ops::Fn<(&'r mut iron::Request<'s, 't0>,)>` is not implemented for `site::mount::Mount`
[INFO] [stdout]    = note: required because of the requirements on the impl of `iron::Handler` for `site::mount::Mount`
[INFO] [stdout]    = note: required by `iron::Iron::<H>::new`
[INFO] [stdout] 
[INFO] [stdout] 
[INFO] [stdout] error[E0599]: no method named `http` found for struct `iron::Iron<site::mount::Mount>` in the current scope
[INFO] [stdout]   --> src/main.rs:13:11
[INFO] [stdout]    |
[INFO] [stdout] 13 |           http("localhost:3000").
[INFO] [stdout]    |           ^^^^ method not found in `iron::Iron<site::mount::Mount>`
[INFO] [stdout]    | 
[INFO] [stdout]   ::: /opt/rustwide/cargo-home/git/checkouts/mount-e3fe55b55b7ad7b2/5dbbc88/src/mount.rs:25:1
[INFO] [stdout]    |
[INFO] [stdout] 25 | pub struct Mount {
[INFO] [stdout]    | ---------------- doesn't satisfy `site::mount::Mount: iron::Handler`
[INFO] [stdout]    |
[INFO] [stdout]    = note: the method `http` exists but the following trait bounds were not satisfied:
[INFO] [stdout]            `site::mount::Mount: iron::Handler`
[INFO] [stdout] 
[INFO] [stdout] 
[INFO] [stdout] error[E0061]: this function takes 3 arguments but 2 arguments were supplied
[INFO] [stdout]   --> src/site.rs:29:12
[INFO] [stdout]    |
[INFO] [stdout] 29 |     router.get("/"   ,index);
[INFO] [stdout]    |            ^^^ ---    ----- supplied 2 arguments
[INFO] [stdout]    |            |
[INFO] [stdout]    |            expected 3 arguments
[INFO] [stdout] 
[INFO] [stdout] 
[INFO] [stdout] error[E0061]: this function takes 3 arguments but 2 arguments were supplied
[INFO] [stdout]   --> src/site.rs:30:12
[INFO] [stdout]    |
[INFO] [stdout] 30 |     router.get("/:q" ,site_proc);
[INFO] [stdout]    |            ^^^ -----  --------- supplied 2 arguments
[INFO] [stdout]    |            |
[INFO] [stdout]    |            expected 3 arguments
[INFO] [stdout] 
[INFO] [stdout] 
[INFO] [stdout] error[E0061]: this function takes 3 arguments but 2 arguments were supplied
[INFO] [stdout]   --> src/site.rs:31:12
[INFO] [stdout]    |
[INFO] [stdout] 31 |     router.get("/ls" ,ls);
[INFO] [stdout]    |            ^^^ -----  -- supplied 2 arguments
[INFO] [stdout]    |            |
[INFO] [stdout]    |            expected 3 arguments
[INFO] [stdout] 
[INFO] [stdout] 
[INFO] [stdout] error[E0277]: expected a `std::ops::Fn<(&mut iron::request::Request,)>` closure, found `site::router::Router`
[INFO] [stdout]   --> src/site.rs:33:20
[INFO] [stdout]    |
[INFO] [stdout] 33 |     m.mount("/"   ,router);
[INFO] [stdout]    |                    ^^^^^^ expected an `Fn<(&mut iron::request::Request,)>` closure, found `site::router::Router`
[INFO] [stdout]    |
[INFO] [stdout]    = help: the trait `for<'r> std::ops::Fn<(&'r mut iron::request::Request,)>` is not implemented for `site::router::Router`
[INFO] [stdout]    = note: required because of the requirements on the impl of `iron::middleware::Handler` for `site::router::Router`
[INFO] [stdout] 
[INFO] [stdout] 
[INFO] [stdout] error[E0277]: expected a `std::ops::Fn<(&mut iron::Request<'_, '_>,)>` closure, found `site::mount::Mount`
[INFO] [stdout]   --> src/main.rs:12:15
[INFO] [stdout]    |
[INFO] [stdout] 12 |     Iron::new(build()).
[INFO] [stdout]    |               ^^^^^^^ expected an `Fn<(&mut iron::Request<'_, '_>,)>` closure, found `site::mount::Mount`
[INFO] [stdout]    |
[INFO] [stdout]    = help: the trait `for<'r, 's, 't0> std::ops::Fn<(&'r mut iron::Request<'s, 't0>,)>` is not implemented for `site::mount::Mount`
[INFO] [stdout]    = note: required because of the requirements on the impl of `iron::Handler` for `site::mount::Mount`
[INFO] [stdout]    = note: required by `iron::Iron::<H>::new`
[INFO] [stdout] 
[INFO] [stdout] 
[INFO] [stdout] error[E0277]: expected a `std::ops::Fn<(&mut iron::request::Request,)>` closure, found `site::staticfile::Static`
[INFO] [stdout]   --> src/site.rs:34:20
[INFO] [stdout]    |
[INFO] [stdout] 34 |     m.mount("/rs" ,Static::new(Path::new("hello.rs")));
[INFO] [stdout]    |                    ^^^^^^^^^^^^^^^^^^^^^^^^^^^^^^^^^^ expected an `Fn<(&mut iron::request::Request,)>` closure, found `site::staticfile::Static`
[INFO] [stdout]    |
[INFO] [stdout]    = help: the trait `for<'r> std::ops::Fn<(&'r mut iron::request::Request,)>` is not implemented for `site::staticfile::Static`
[INFO] [stdout]    = note: required because of the requirements on the impl of `iron::middleware::Handler` for `site::staticfile::Static`
[INFO] [stdout] 
[INFO] [stdout] 
[INFO] [stdout] error[E0599]: no method named `http` found for struct `iron::Iron<site::mount::Mount>` in the current scope
[INFO] [stdout]   --> src/main.rs:13:11
[INFO] [stdout]    |
[INFO] [stdout] 13 |           http("localhost:3000").
[INFO] [stdout]    |           ^^^^ method not found in `iron::Iron<site::mount::Mount>`
[INFO] [stdout]    | 
[INFO] [stdout]   ::: /opt/rustwide/cargo-home/git/checkouts/mount-e3fe55b55b7ad7b2/5dbbc88/src/mount.rs:25:1
[INFO] [stdout]    |
[INFO] [stdout] 25 | pub struct Mount {
[INFO] [stdout]    | ---------------- doesn't satisfy `site::mount::Mount: iron::Handler`
[INFO] [stdout]    |
[INFO] [stdout]    = note: the method `http` exists but the following trait bounds were not satisfied:
[INFO] [stdout]            `site::mount::Mount: iron::Handler`
[INFO] [stdout] 
[INFO] [stdout] 
[INFO] [stdout] error[E0061]: this function takes 3 arguments but 2 arguments were supplied
[INFO] [stdout]   --> src/site.rs:29:12
[INFO] [stdout]    |
[INFO] [stdout] 29 |     router.get("/"   ,index);
[INFO] [stdout]    |            ^^^ ---    ----- supplied 2 arguments
[INFO] [stdout]    |            |
[INFO] [stdout]    |            expected 3 arguments
[INFO] [stdout] 
[INFO] [stdout] 
[INFO] [stdout] error[E0277]: expected a `std::ops::Fn<(&mut iron::request::Request,)>` closure, found `site::staticfile::Static`
[INFO] [stdout]   --> src/site.rs:35:20
[INFO] [stdout]    |
[INFO] [stdout] 35 |     m.mount("/pic",Static::new(Path::new("pic.jpeg")));
[INFO] [stdout]    |                    ^^^^^^^^^^^^^^^^^^^^^^^^^^^^^^^^^^ expected an `Fn<(&mut iron::request::Request,)>` closure, found `site::staticfile::Static`
[INFO] [stdout]    |
[INFO] [stdout]    = help: the trait `for<'r> std::ops::Fn<(&'r mut iron::request::Request,)>` is not implemented for `site::staticfile::Static`
[INFO] [stdout]    = note: required because of the requirements on the impl of `iron::middleware::Handler` for `site::staticfile::Static`
[INFO] [stdout] 
[INFO] [stdout] 
[INFO] [stdout] error[E0061]: this function takes 3 arguments but 2 arguments were supplied
[INFO] [stdout]   --> src/site.rs:30:12
[INFO] [stdout]    |
[INFO] [stdout] 30 |     router.get("/:q" ,site_proc);
[INFO] [stdout]    |            ^^^ -----  --------- supplied 2 arguments
[INFO] [stdout]    |            |
[INFO] [stdout]    |            expected 3 arguments
[INFO] [stdout] 
[INFO] [stdout] 
[INFO] [stdout] error[E0061]: this function takes 3 arguments but 2 arguments were supplied
[INFO] [stdout]   --> src/site.rs:31:12
[INFO] [stdout]    |
[INFO] [stdout] 31 |     router.get("/ls" ,ls);
[INFO] [stdout]    |            ^^^ -----  -- supplied 2 arguments
[INFO] [stdout]    |            |
[INFO] [stdout]    |            expected 3 arguments
[INFO] [stdout] 
[INFO] [stdout] 
[INFO] [stdout] error[E0277]: expected a `std::ops::Fn<(&mut iron::request::Request,)>` closure, found `site::router::Router`
[INFO] [stdout]   --> src/site.rs:33:20
[INFO] [stdout]    |
[INFO] [stdout] 33 |     m.mount("/"   ,router);
[INFO] [stdout]    |                    ^^^^^^ expected an `Fn<(&mut iron::request::Request,)>` closure, found `site::router::Router`
[INFO] [stdout]    |
[INFO] [stdout]    = help: the trait `for<'r> std::ops::Fn<(&'r mut iron::request::Request,)>` is not implemented for `site::router::Router`
[INFO] [stdout]    = note: required because of the requirements on the impl of `iron::middleware::Handler` for `site::router::Router`
[INFO] [stdout] 
[INFO] [stdout] 
[INFO] [stdout] error[E0277]: expected a `std::ops::Fn<(&mut iron::request::Request,)>` closure, found `site::staticfile::Static`
[INFO] [stdout]   --> src/site.rs:34:20
[INFO] [stdout]    |
[INFO] [stdout] 34 |     m.mount("/rs" ,Static::new(Path::new("hello.rs")));
[INFO] [stdout]    |                    ^^^^^^^^^^^^^^^^^^^^^^^^^^^^^^^^^^ expected an `Fn<(&mut iron::request::Request,)>` closure, found `site::staticfile::Static`
[INFO] [stdout]    |
[INFO] [stdout]    = help: the trait `for<'r> std::ops::Fn<(&'r mut iron::request::Request,)>` is not implemented for `site::staticfile::Static`
[INFO] [stdout]    = note: required because of the requirements on the impl of `iron::middleware::Handler` for `site::staticfile::Static`
[INFO] [stdout] 
[INFO] [stdout] 
[INFO] [stdout] error[E0277]: expected a `std::ops::Fn<(&mut iron::request::Request,)>` closure, found `site::staticfile::Static`
[INFO] [stdout]   --> src/site.rs:35:20
[INFO] [stdout]    |
[INFO] [stdout] 35 |     m.mount("/pic",Static::new(Path::new("pic.jpeg")));
[INFO] [stdout]    |                    ^^^^^^^^^^^^^^^^^^^^^^^^^^^^^^^^^^ expected an `Fn<(&mut iron::request::Request,)>` closure, found `site::staticfile::Static`
[INFO] [stdout]    |
[INFO] [stdout]    = help: the trait `for<'r> std::ops::Fn<(&'r mut iron::request::Request,)>` is not implemented for `site::staticfile::Static`
[INFO] [stdout]    = note: required because of the requirements on the impl of `iron::middleware::Handler` for `site::staticfile::Static`
[INFO] [stdout] 
[INFO] [stdout] 
[INFO] [stdout] error[E0615]: attempted to take value of method `path` on type `iron::Url`
[INFO] [stdout]   --> src/site.rs:62:16
[INFO] [stdout]    |
[INFO] [stdout] 62 |     if req.url.path == t_url.path
[INFO] [stdout]    |                ^^^^ method, not a field
[INFO] [stdout]    |
[INFO] [stdout] help: use parentheses to call the method
[INFO] [stdout]    |
[INFO] [stdout] 62 |     if req.url.path() == t_url.path
[INFO] [stdout]    |                    ^^
[INFO] [stdout] 
[INFO] [stdout] 
[INFO] [stdout] error[E0615]: attempted to take value of method `path` on type `iron::Url`
[INFO] [stdout]   --> src/site.rs:62:30
[INFO] [stdout]    |
[INFO] [stdout] 62 |     if req.url.path == t_url.path
[INFO] [stdout]    |                              ^^^^ method, not a field
[INFO] [stdout]    |
[INFO] [stdout] help: use parentheses to call the method
[INFO] [stdout]    |
[INFO] [stdout] 62 |     if req.url.path == t_url.path()
[INFO] [stdout]    |                                  ^^
[INFO] [stdout] 
[INFO] [stdout] 
[INFO] [stdout] error[E0615]: attempted to take value of method `path` on type `iron::Url`
[INFO] [stdout]   --> src/site.rs:62:16
[INFO] [stdout]    |
[INFO] [stdout] 62 |     if req.url.path == t_url.path
[INFO] [stdout]    |                ^^^^ method, not a field
[INFO] [stdout]    |
[INFO] [stdout] help: use parentheses to call the method
[INFO] [stdout]    |
[INFO] [stdout] 62 |     if req.url.path() == t_url.path
[INFO] [stdout]    |                    ^^
[INFO] [stdout] 
[INFO] [stdout] 
[INFO] [stdout] error[E0615]: attempted to take value of method `path` on type `iron::Url`
[INFO] [stdout]   --> src/site.rs:62:30
[INFO] [stdout]    |
[INFO] [stdout] 62 |     if req.url.path == t_url.path
[INFO] [stdout]    |                              ^^^^ method, not a field
[INFO] [stdout]    |
[INFO] [stdout] help: use parentheses to call the method
[INFO] [stdout]    |
[INFO] [stdout] 62 |     if req.url.path == t_url.path()
[INFO] [stdout]    |                                  ^^
[INFO] [stdout] 
[INFO] [stdout] 
[INFO] [stdout] error: aborting due to 10 previous errors
[INFO] [stdout] 
[INFO] [stdout] 
[INFO] [stdout] error: aborting due to 10 previous errors
[INFO] [stdout] 
[INFO] [stdout] 
[INFO] [stdout] Some errors have detailed explanations: E0061, E0277, E0599, E0615.
[INFO] [stdout] 
[INFO] [stdout] Some errors have detailed explanations: E0061, E0277, E0599, E0615.
[INFO] [stdout] 
[INFO] [stdout] For more information about an error, try `rustc --explain E0061`.
[INFO] [stdout] 
[INFO] [stdout] For more information about an error, try `rustc --explain E0061`.
[INFO] [stdout] 
[INFO] [stderr] error: could not compile `restful-rust`.
[INFO] [stderr] 
[INFO] [stderr] To learn more, run the command again with --verbose.
[INFO] [stderr] warning: build failed, waiting for other jobs to finish...
[INFO] [stderr] error: build failed
[INFO] running `Command { std: "docker" "inspect" "5b50ec62a80cf8ad04dacdf7db970e09633ce5f302296213eb66093e980dbafb", kill_on_drop: false }`
[INFO] running `Command { std: "docker" "rm" "-f" "5b50ec62a80cf8ad04dacdf7db970e09633ce5f302296213eb66093e980dbafb", kill_on_drop: false }`
[INFO] [stdout] 5b50ec62a80cf8ad04dacdf7db970e09633ce5f302296213eb66093e980dbafb
